factors of 155030497?
17, 571, 15971
List the prime factors of 139358443.
7, 19908349
What are the prime factors of 168570197?
23, 7329139
What are the prime factors of 300984513?
3, 100328171
List the prime factors of 9051436.
2, 2262859
List the prime factors of 944605441.
13, 72661957
List the prime factors of 554592309.
3, 17, 10874359
What are the prime factors of 178908514?
2, 89454257
What are the prime factors of 5662719475?
5, 7, 3607, 8971
List the prime factors of 1672654547.
29, 271, 331, 643
List the prime factors of 1560916198.
2, 780458099
List the prime factors of 987002712.
2, 3, 349, 13093
What are the prime factors of 2744292751?
1499, 1830749
List the prime factors of 2457008487.
3, 17, 16058879
What are the prime factors of 2075976285?
3, 5, 138398419
List the prime factors of 341128956.
2, 3, 7, 4061059
List the prime factors of 66460834.
2, 11, 53, 56999
List the prime factors of 28597745.
5, 11, 47269
List the prime factors of 65541691.
157, 2659
List the prime factors of 13147965.
3, 5, 157, 1861
What are the prime factors of 1968146633?
5791, 339863
List the prime factors of 16565887.
13, 83, 1181
What are the prime factors of 1256065531?
7, 853, 210361
List the prime factors of 25958002.
2, 7, 41, 1103
What are the prime factors of 118257303?
3, 419, 94079
What are the prime factors of 3922433005?
5, 12391, 63311
List the prime factors of 1697775547.
13, 557, 234467
List the prime factors of 9587852.
2, 149, 16087
What are the prime factors of 41607190?
2, 5, 4160719
List the prime factors of 984753898.
2, 492376949
List the prime factors of 75416980.
2, 5, 347, 10867
List the prime factors of 251398994.
2, 7, 11, 19, 151, 569
What are the prime factors of 22573855?
5, 79, 57149
List the prime factors of 638620133.
43, 73, 389, 523
List the prime factors of 170007095.
5, 1237, 27487
List the prime factors of 919660290.
2, 3, 5, 23, 1332841
List the prime factors of 1786957445.
5, 7, 13, 109, 137, 263
List the prime factors of 60271548.
2, 3, 101, 223
What are the prime factors of 89043682?
2, 7, 13, 37, 1889
What are the prime factors of 153722471?
7, 269, 81637
What are the prime factors of 67420817?
83, 812299
List the prime factors of 19442780.
2, 5, 7, 113, 1229
What are the prime factors of 1130934907?
73, 15492259
What are the prime factors of 2493903421?
1129, 2208949
What are the prime factors of 107206215?
3, 5, 31, 230551
What are the prime factors of 1748336029?
11, 2287, 69497
List the prime factors of 401503082.
2, 3433, 58477
What are the prime factors of 400462098?
2, 3, 17, 157, 1471
What are the prime factors of 879343359?
3, 41, 809, 8837
What are the prime factors of 349219414?
2, 174609707
What are the prime factors of 37220155?
5, 7, 43, 3533
What are the prime factors of 750348024?
2, 3, 113, 337, 821
What are the prime factors of 28551794?
2, 19, 751363
List the prime factors of 137738468.
2, 7, 4919231
List the prime factors of 83790817.
11, 19, 23, 17431
List the prime factors of 845748441.
3, 93972049
List the prime factors of 70079115.
3, 5, 47, 107, 929
List the prime factors of 10967151.
3, 13, 179, 1571
What are the prime factors of 741998408?
2, 29, 3198269
What are the prime factors of 483034804?
2, 7, 17, 1014779
What are the prime factors of 367019284?
2, 3271, 28051
List the prime factors of 826227880.
2, 5, 17, 71473
List the prime factors of 19433234.
2, 9716617
What are the prime factors of 5312060665?
5, 1062412133
What are the prime factors of 191611838?
2, 11, 89, 97861
What are the prime factors of 7754733?
3, 7, 123091
What are the prime factors of 1224663109?
601, 2037709
What are the prime factors of 112233077?
11, 23, 443609
What are the prime factors of 1634743116?
2, 3, 45409531
List the prime factors of 443253580.
2, 5, 7, 11, 17, 16931
List the prime factors of 312492882.
2, 3, 13, 4006319
What are the prime factors of 299625611?
19, 47, 335527
What are the prime factors of 743827735?
5, 7, 89, 238789
List the prime factors of 2062114236.
2, 3, 7, 13, 89923
List the prime factors of 50002070.
2, 5, 31, 101, 1597
What are the prime factors of 9773893624?
2, 11, 101, 317, 3469
List the prime factors of 2313272820.
2, 3, 5, 67, 575441
What are the prime factors of 200860587?
3, 23, 181, 1787
List the prime factors of 438957913.
438957913
What are the prime factors of 3935501405?
5, 11, 29, 224309
What are the prime factors of 14523100?
2, 5, 17, 8543
List the prime factors of 2062101276.
2, 3, 31, 269, 6869
What are the prime factors of 7383043268?
2, 491, 619, 6073
What are the prime factors of 272515935?
3, 5, 73, 191, 1303
List the prime factors of 1960642362.
2, 3, 7, 43, 1085627
What are the prime factors of 67390596?
2, 3, 7, 13, 6857
What are the prime factors of 83512215?
3, 5, 206203
List the prime factors of 14662708.
2, 3665677
What are the prime factors of 1594560932?
2, 101, 3946933
What are the prime factors of 385412465?
5, 29, 101, 26317
List the prime factors of 275691904.
2, 293, 7351
What are the prime factors of 116440380?
2, 3, 5, 7, 92413
What are the prime factors of 2912625092?
2, 13, 29, 148573
What are the prime factors of 79093475?
5, 3163739
List the prime factors of 37617399.
3, 821, 1697
What are the prime factors of 837158660?
2, 5, 13, 29, 111029
What are the prime factors of 100962604?
2, 757, 33343
What are the prime factors of 433239500?
2, 5, 23, 101, 373
List the prime factors of 3148050630.
2, 3, 5, 29, 1367, 2647
What are the prime factors of 12253791?
3, 11, 33757
List the prime factors of 608201380.
2, 5, 41, 741709
List the prime factors of 41397814.
2, 139, 148913
What are the prime factors of 1647757736?
2, 463, 444859
What are the prime factors of 4788676553?
43, 2237, 49783
List the prime factors of 26092299.
3, 8697433
List the prime factors of 530167269.
3, 41, 1597, 2699
List the prime factors of 426174259.
7, 107, 568991
List the prime factors of 58273636.
2, 83, 175523
What are the prime factors of 62007866?
2, 31003933
List the prime factors of 382155148.
2, 95538787
What are the prime factors of 913553930?
2, 5, 91355393
What are the prime factors of 617776774?
2, 373, 828119
What are the prime factors of 1514045556?
2, 3, 1487, 28283
What are the prime factors of 417332582?
2, 367, 479, 1187
List the prime factors of 52158232.
2, 7, 41, 22717
What are the prime factors of 1274485682?
2, 17, 1609, 23297
What are the prime factors of 51045878?
2, 13, 23, 85361
What are the prime factors of 281977577?
7, 40282511
List the prime factors of 358968145.
5, 71793629
What are the prime factors of 203496818?
2, 7, 37, 392851
List the prime factors of 24525260.
2, 5, 1226263
What are the prime factors of 2630394632?
2, 17, 23, 151, 5569
What are the prime factors of 160565365?
5, 32113073
What are the prime factors of 427935200?
2, 5, 7, 11, 6947
List the prime factors of 32641375.
5, 13, 53, 379
List the prime factors of 837539788.
2, 209384947
List the prime factors of 159499026.
2, 3, 563, 15739
What are the prime factors of 57390017?
57390017
List the prime factors of 80562686.
2, 103, 263, 1487
List the prime factors of 162925217.
7, 13, 419, 4273
List the prime factors of 82124834.
2, 11, 941, 3967
What are the prime factors of 377071596?
2, 3, 11, 59, 16139
List the prime factors of 5597303239.
11, 31, 16414379
List the prime factors of 82592422.
2, 11, 43, 7937
List the prime factors of 533081228.
2, 883, 150929
What are the prime factors of 45431672?
2, 11, 13, 151, 263
What are the prime factors of 158884268?
2, 2549, 15583
List the prime factors of 16035545.
5, 73, 43933
List the prime factors of 924555199.
924555199
What are the prime factors of 1234181999?
22721, 54319
List the prime factors of 24247467.
3, 757, 3559
What are the prime factors of 3950601243?
3, 6637, 198413
List the prime factors of 162771653.
11, 14797423
What are the prime factors of 292680249?
3, 37, 2636759
What are the prime factors of 181231180?
2, 5, 13, 37, 18839
What are the prime factors of 48971200?
2, 5, 127, 241
List the prime factors of 31347576.
2, 3, 13, 107, 313
What are the prime factors of 2044796074?
2, 17, 19, 53, 59723
List the prime factors of 130639754.
2, 7, 607, 15373
What are the prime factors of 17563742?
2, 7, 12545